
9
Let j(l) = l. Let b(z) = 1. Let f(n) = b(n) - j(n). Calculate f(3).
-2
Let v(l) be the third derivative of l**5/60 + l**4/4 + l**3 - 22*l**2. Determine v(-7).
13
Let i(g) be the third derivative of g**6/120 + g**5/12 - 5*g**4/24 + g**3/2 + 2*g**2. Let v(s) = -s**2 + 3. Let p be v(-3). Calculate i(p).
-3
Let f(i) = -i - 6. Let k be 0/(2*(-1)/1). Let c be k/(-2 - (-2)/2). Determine f(c).
-6
Let i(j) = -3*j + 10. Let k be i(3). Let y(m) = m - 1 - 3*m + 5*m. What is y(k)?
2
Let n(d) = d**3 + 4*d**2 + 4*d - 1. Suppose -1 = 4*b + 11. What is n(b)?
-4
Let b = -7 + 10. Let j(p) = p + p**3 - b*p**2 + 4 + 4*p**2 - 3. Let o = 3 + -4. What is j(o)?
0
Let u(y) = -y**3 - 7*y**2 - 6*y + 5. Let k = -48 - -27. Let p = 15 + k. Calculate u(p).
5
Let y = -13 + 16. Let j(x) = -1 - 4*x - 10*x + 17*x - x**2. Determine j(y).
-1
Let g(j) = j**2 - 4*j - 6. Let k(n) = -n**2 + 4*n + 6. Let u(y) = 3*g(y) + 4*k(y). Let s be 1/1 + -1 - -5. What is u(s)?
1
Let m(t) = t**2 + 3*t - 6. Suppose 2*o = -2*o. Let g be o + 0 - 1 - 4. Determine m(g).
4
Let p(v) = -v - 1. Let i = 28 + -30. Let j be 2/((-6)/(-4) + i). Determine p(j).
3
Let p(s) = s**3 - s**2 - 3*s. Let j = 21 - 18. Calculate p(j).
9
Suppose 0 = 20*m - 23*m - 15. Let y(t) = t**3 + 5*t**2 + t + 7. Calculate y(m).
2
Let f(p) be the third derivative of 1/12*p**4 - 2/3*p**3 + 1/120*p**6 + 0 + 0*p - 1/15*p**5 - p**2. Determine f(4).
4
Let h(y) = -7*y - 3*y**2 + 2*y - 2*y + 4*y**2 + 2. Determine h(7).
2
Let h(g) be the third derivative of g**6/120 + g**5/12 - 5*g**4/24 + 5*g**3/6 - 7*g**2. Calculate h(-6).
-1
Let r(l) = l**3 + 6*l**2 - 2*l - 5. Let m be r(-6). Let h(o) = -o**3 + 7*o**2 - o + 5. Determine h(m).
-2
Let b be (14/(-4))/((-3)/6). Suppose 2*c - b*c = 0. Let k(z) be the second derivative of z**4/12 + z**3/6 + 3*z**2/2 - z. Calculate k(c).
3
Suppose 4*c + 12 = 2*c. Let m(d) = -2*d - 5. What is m(c)?
7
Let h = -24 - -16. Let d be (-14)/h - (-3)/12. Let n be -5 + 4 + (-2)/d. Let f(g) = g**3 + g**2 - g + 2. Give f(n).
0
Let n = 3 + -5. Let v(s) = 3*s**2 + 4*s. Let u(g) = g**3 - g + 1. Let c(f) = 2*u(f) + v(f). What is c(n)?
-6
Let w(q) = q - 2. Let f be w(5). Let m(v) = 3*v**2 - 4*v + 3*v**2 - v**3 + 7 - f. Give m(5).
9
Let r(g) = -g**3 - 12*g**2 - 10*g + 13. Let b be r(-11). Let a(i) = -b*i**2 - 9 - 5 + 3*i**2. Determine a(0).
-14
Let y(x) be the first derivative of 1/4*x**4 - 2 + 3*x + 1/2*x**2 - 5/3*x**3. Give y(5).
8
Let t(c) = -2*c - 1 + c**3 - 10*c**2 - 13*c**2 + 26*c**2. What is t(-2)?
7
Let g(h) = -h**3 - 3*h**2 + 4*h - 4. Let q = -3 - 1. Calculate g(q).
-4
Let n(q) = -q + 3. Let r be 4/6*(-18)/(-4). Suppose -9 = -l - r*l - 3*a, 3*a = -5*l + 15. What is n(l)?
-3
Let m be 2/((-20)/(-5))*(-9 - 1). Let z(s) = s**3 + 4*s**2 - 6*s + 4. Calculate z(m).
9
Let k(z) = -z**2 + 4*z. Let m = -56 + 59. Determine k(m).
3
Let d(c) = -13*c**2 - 20*c. Let i(r) = 2*r**2 - 5*r - 5*r**2 + 0*r**2. Let q(u) = -2*d(u) + 9*i(u). Determine q(-6).
-6
Let i = -27 - -7. Let f = 22 + i. Let o(m) = m**3 - 2*m**2 + 3*m. Calculate o(f).
6
Let v = -27 - -29. Let b(c) = 5*c**2 + 0*c**v - 13*c**3 + 12*c**3 + 9*c - 3. What is b(6)?
15
Let a(c) = -c + 1. Suppose -4*k = -8*k + 24. Give a(k).
-5
Suppose 4*x + 2 = -2*h, -5*x = h - 4*h - 25. Let d(v) = x*v + 2*v**2 + v**2 - 2 - 2*v**2. Give d(-4).
6
Let q(c) = -c**2. Suppose -2*d = -3*d - 6. Let z = d - -3. Give q(z).
-9
Let d(a) = 2*a + 11. Let c be d(-6). Let f(l) = -4*l + 1. Give f(c).
5
Let x(d) = -d**2 + d. Let n = -16 + 17. Calculate x(n).
0
Let s(q) be the first derivative of -2*q**2 + q - 1. Let r(z) = -z**2 - 4*z - 1. Let c be r(-4). What is s(c)?
5
Let q(p) = 20*p**2. Let i(a) = -5*a - 5. Let r(t) = t**2 - t - 1. Let x(o) = i(o) - 5*r(o). Let m(c) = -4*q(c) - 15*x(c). Determine m(1).
-5
Let i(j) = j**3 - 4*j**2 + 4*j. Let d(q) = q + 21. Let s be d(-18). Give i(s).
3
Let j(q) = 0*q**2 - 12*q**2 - q**3 + 0 + 6 - 9*q. Let a(r) = -r**2 - r. Let y(f) = 6*a(f) - j(f). Give y(-5).
4
Let j(k) be the second derivative of k**3/2 - 10*k. Let q(w) = 13*w + 1. Let h(r) = 9*j(r) - 2*q(r). Give h(2).
0
Let d(w) = -11 - 1 - w**2 - 5*w - w + 6. What is d(-5)?
-1
Suppose 5 = -7*b + 2*b. Let w(v) = 30*v**3 + v**2 + 7*v - 4. Let a(q) = 20*q**3 + q**2 + 5*q - 3. Let h(c) = -7*a(c) + 5*w(c). Determine h(b).
-11
Let b(z) = 3*z**2 + 3*z. Let w(l) = l**2. Let d(p) = -b(p) + 4*w(p). Calculate d(3).
0
Let y(f) = f**3 + f + 4. Suppose -5*j + c = -13 - 3, 3*j = -4*c + 5. Let k be 6/((-9)/6 + j). Suppose 0 = x - k*v + 12, x + 0*v + 4*v - 12 = 0. Determine y(x).
4
Let r(x) be the third derivative of -x**6/120 - x**5/15 - 9*x**2. What is r(-4)?
0
Let z(w) = -3*w**3 + 5*w**2 - 5*w + 4*w**3 - 13*w**2 - 3*w - 5. Calculate z(9).
4
Let c(u) = 3*u**3 - 2*u + 4*u - 2 + u - 4*u**2 - u**3. Give c(2).
4
Let n(b) = b**2 - b - 1. Let u = 144 + -144. Give n(u).
-1
Suppose -4*j + 4 = -0*j. Let o(v) = -j - v + 10 + 1. Let b be (0/(-2))/(4 + -6). Calculate o(b).
10
Let i be 2/(-12) + 75/18. Let y(j) = j**3 - 5*j**2 + 7*j - 5. Give y(i).
7
Let u = -15 + 21. Let l(q) = q**2 - 4*q - 1. Let y(p) = p**2 - 3*p - 1. Let s(w) = -4*l(w) + 3*y(w). Give s(u).
7
Let z be -1 - (-1 + (-3 - -1)). Let t(r) be the first derivative of r**3 - r**2/2 - 1. What is t(z)?
10
Let c = 4 - 2. Let y(o) be the first derivative of 3*o**2/2 + 3*o + 2. Let k(x) = -4*x - 4. Let t(u) = 5*k(u) + 6*y(u). Calculate t(c).
-6
Let g(o) be the third derivative of o**6/120 - o**5/60 - o**4/8 - 2*o**3/3 + o**2. Let u be 1/(-2) - (-1)/2. Let k = u - -3. What is g(k)?
5
Let h(v) be the second derivative of -1/6*v**3 + 1/2*v**2 - 2*v + 0. Let p(b) = b**3 + 3*b**2 - 4*b + 2. Let j be p(-4). What is h(j)?
-1
Let f(n) = -4*n**3 + 21*n**2 - 16*n + 12. Let c(l) = -l**3 + 5*l**2 - 4*l + 3. Let b(v) = -9*c(v) + 2*f(v). Calculate b(2).
1
Let n(t) = t**2 - 6*t + 4. Let v be (51/(-12))/(2/8). Let s = -2 - v. Let z = -11 + s. Give n(z).
-4
Let d(g) = -1. Let c(r) = r**2 + 2. Let l(o) = -2*c(o) - 3*d(o). Calculate l(1).
-3
Let u = 0 + 0. Let y(r) = u*r + 6*r - r - r. Calculate y(-2).
-8
Let x(y) = y + 19. Suppose 0 = 2*o + 4 + 12. Calculate x(o).
11
Let b = -132 + 119. Let t(q) = -q - 12. Determine t(b).
1
Suppose 0 = -w + 3 + 3. Let d(h) = 2*h - 8. Give d(w).
4
Let m(v) be the second derivative of -3*v**2 + 1/6*v**3 - 5/12*v**4 + 1/20*v**5 + 0 - v. Let h be (-4)/(-6)*105/14. Give m(h).
-1
Let g(u) = 2*u**2 + 3*u - 5. Let o(h) = h**2 + 2*h - 3. Let z(j) = -3*g(j) + 5*o(j). Determine z(1).
0
Let p(t) = t**2 - 1. Let y be p(-2). Let v(d) = d + 4*d**y - 1 - d + d**2. Let a = 3 + -2. What is v(a)?
4
Let y(g) = -g**3 - 6*g**2 + 5. Suppose 5*i = 5*a + 50, 5*i = -0*i + 20. Calculate y(a).
5
Let y(w) = 9 - 11 + 2*w + 2*w. Calculate y(-3).
-14
Let v = 7 + -2. Let n(k) = -k + v*k - 5*k. Determine n(-4).
4
Let w = 8 - 6. Let u(f) = f**2 - 15*f - 13. Let g be u(16). Let a(o) = o + w*o - 1 - g*o**2 + 2*o**2. Determine a(4).
-5
Let j(h) = h - 4 + h**2 + 7 - 5*h**2 + 0*h**3 - h**3. Let x(k) = 2*k + 3. Let z be x(-3). Determine j(z).
-9
Let u(c) be the third derivative of 0*c + 1/6*c**3 + 1/24*c**4 - 1/60*c**5 + 2*c**2 + 0. Let d(q) be the first derivative of u(q). Determine d(-4).
9
Let o(w) be the first derivative of w**4/4 + 2*w**3 + 4*w - 24. What is o(-6)?
4
Let y(q) = 6*q - 4. Let b(t) = -11*t + 8. Let p(z) = -3*b(z) - 5*y(z). Let s(j) = -j + 1. Let o be s(-3). Calculate p(o).
8
Let v(w) = -3 - 3*w + 0*w + 4*w. Let f be 4/16 - 22/(-8). Suppose f*k = 6*k. Calculate v(k).
-3
Let h(a) be the first derivative of -a - 3 + 0*a**3 + 1/4*a**4 - 1/2*a**2. Let f(p) = p - 4. Let o be f(6). Give h(o).
5
Let f(k) = -14*k - 1 + 3 + 10*k + 8*k. Calculate f(3).
14
Suppose 24 - 42 = -6*r. Let i(w) be the second derivative of -w**3/3 + w**2 + w. What is i(r)?
-4
Suppose g - 13 = -4*s, -g - 4*g - 4 = -3*s. Let a(q) be the first derivative of -q + 3/2*q**2 - 1. What is a(g)?
2
Let o = -1 - -4. Let l(m) = -m - m**2 + 0*m**3 + m**3 - 2*m**o. What is l(0)?
0
Let g(s) = 5*s**2 + s. Let j(n) = -2*n - 10. Let h be j(-7). Suppose 0 = h*l + 4*b + 20, -3*l - 2*b - 3*b - 23 = 0. Give g(l).
4
Let t(f) be the second derivative of -f**3/6 + 13*f**2/2 - 6*f. Give t(0).
13
Let j(a) = a + 1. Let z = 3 - 11. Let c be (3 - -2)*z/(-10). Let r be j(c). Let g(k) = -k**2 + 6*k - 4. Give g(r).
1
Let p(r) = -r**2 - 3. Suppose 0*w = -2*w + 1